is the greatest common divisor of 105 and j?
21
Suppose -163*r + 456 = -144*r. What is the highest common factor of 408 and r?
24
Suppose 5*i - 2*y = 6*i - 34, 145 = 4*i - y. Suppose 10*k + 4*p - 78 = 5*k, -p - 39 = -2*k. Calculate the highest common divisor of k and i.
18
Let p(t) = -t**3 - 31*t**2 - 30*t + 64. Let m be p(-30). What is the greatest common divisor of 72 and m?
8
Let t be 3/(-21)*7*-3. Suppose -a = 2*y + 4*a - 37, -4*y + 2*a = -14. What is the highest common divisor of y and t?
3
Let x be 1 - (14*-5)/2. Let n(r) = -93*r - 45. Let t be n(-1). What is the greatest common factor of x and t?
12
Let g be ((-360)/(-140))/((-261)/(-84) - 3). Let q = -572 - -812. Suppose 2*o + q = 4*o. Calculate the highest common divisor of g and o.
24
Let b be (-2)/9 - (-728)/36. Let g = -16 + b. Let s = 0 + g. What is the highest common divisor of s and 10?
2
Let p(z) = -z**2 - 35*z - 47. Let g be p(-33). Calculate the highest common factor of 171 and g.
19
Let f(u) = 117*u + 2. Let g be f(1). Suppose -7*v + 0*v + g = 0. Let z be (-3)/(-1)*(-68)/(-6). What is the highest common factor of z and v?
17
Suppose 5*p + 23*p - 15652 = 0. What is the greatest common divisor of 13 and p?
13
Let p(d) = 4*d + 38. Let f be p(-12). Let k be (-15)/f - ((-10)/4 - 2). What is the highest common factor of 6 and k?
6
Suppose -4*y - 444 = -2*s, -s = y - 23 - 208. What is the highest common factor of s and 3?
3
Let y(c) = c**2 - 2*c - 12. Let o be (3 - (-30)/(-18))/((-4)/(-18)). Let z be y(o). What is the greatest common divisor of 8 and z?
4
Let s = -22009 - -22010. Let h(m) = 2*m - 2. Let z be h(3). Calculate the highest common divisor of s and z.
1
Suppose 2*m = 3*c + 44, -4*c - 40 = -0*m + 2*m. Let n be -2 + c/14*(-21)/6. Calculate the highest common divisor of n and 8.
1
Let m be 1 + -3 + 2 + 2. Let y(u) = -2*u**m + 2*u**2 + 3*u + 5*u + 10 + u**2. Let b be y(-7). What is the greatest common divisor of 15 and b?
3
Suppose p - 40 = 2*o, -9*o + 37 = p - 10*o. Let l = 615 - 241. Calculate the greatest common divisor of l and p.
34
Let n be (-4 - -10)*71/6. Let i = -67 + n. Calculate the greatest common factor of 12 and i.
4
Let k(j) = -j**3 + 20*j**2 + 44*j + 4. Let i be k(22). Suppose 2*y + 20 = o - 3*y, i*o - 3*y = 80. What is the greatest common factor of o and 100?
20
Suppose 16 - 70 = 3*s. Let f be ((-176)/(-12))/((-3)/s). What is the greatest common divisor of f and 11?
11
Let c = 909 + -704. Calculate the highest common divisor of c and 738.
41
Let a(n) = -39*n - 2. Let q be a(-1). What is the greatest common divisor of q and 111?
37
Let i(q) = -q**3 + 9*q**2 + 5*q - 11. Let g be i(5). Calculate the greatest common factor of 171 and g.
57
Let r(u) = -5*u + 4*u + 11 - 6 + 7. Let v be r(-12). Calculate the highest common divisor of 264 and v.
24
Let d = -1963 + 3624. What is the greatest common divisor of 11 and d?
11
Suppose 0*d + 3*d = -9. Let r be (-3)/(-6)*((-3)/d + 33). What is the highest common factor of 34 and r?
17
Let t(u) = 3*u**2 - 183*u - 740. Let k be t(-4). Calculate the greatest common divisor of k and 1280.
40
Let u = -22 - -21. Let w be 3/(9/6) - u. Suppose 0 = -3*j + w*z + 15, 0 = -5*z + 6 + 4. Calculate the highest common divisor of 28 and j.
7
Let z(w) = 18*w + 6. Let v be z(2). Let a = 13 - 11. Suppose 44 + 166 = a*c. Calculate the highest common divisor of c and v.
21
Suppose 12*o - 124 = 272. Calculate the greatest common factor of 55 and o.
11
Suppose 3*v - 2*k = 73, -3*k = -4*v + 70 + 27. Calculate the greatest common divisor of 25 and v.
25
Let h(z) = z**3 + 12*z**2 - 16*z + 13. Let d be h(-13). Let p(a) = a**3 - 4*a**2 - 11*a - 2. Let m be p(6). Calculate the greatest common factor of m and d.
4
Let v be ((-704)/220)/(2/(-50)) + -2. Calculate the greatest common factor of 18 and v.
6
Let q = 12 - 10. Let z be (q - 0)/((-8)/(-60)). Calculate the highest common divisor of z and 5.
5
Suppose 0*l - 35 = -7*l. Suppose l*b - 141 = 154. Let y = b - 31. What is the highest common divisor of 4 and y?
4
Let v be (-789)/(-18) - (-2)/12. Let s = 89 - v. Suppose x = 3*g + 2*g + s, -147 = -5*x - g. What is the greatest common divisor of 20 and x?
10
Let u be ((-708)/(-4) + 3)/((-22)/(-55)). Calculate the highest common factor of 18 and u.
18
Suppose n - a - 67 = 0, 2*n = 3*n + 4*a - 82. What is the highest common divisor of 35 and n?
35
Let y = 5 + 5. Let u be ((-4)/y)/((-1)/60). Calculate the highest common factor of u and 36.
12
Suppose x - 3*r - 180 = 0, x - 860 = -4*x + 5*r. Calculate the greatest common divisor of x and 56.
56
Let j be (4 - 57/15)*15. Suppose 9 = j*w, -5*w - 76 = -4*f + 5. Calculate the highest common factor of f and 216.
24
Let h be 1 + 4 - 8/4. Let x be (-14)/35*(-30)/h. Suppose x*d + 72 = o, 2*d + 350 = 5*o - 10. What is the highest common divisor of o and 9?
9
Let f(l) = 6*l**2 + 9*l - 4. Let r be f(4). What is the greatest common divisor of r and 4?
4
Let j(m) = m**2 + 39*m + 182. Let k be j(-37). Let a be -5*((-456)/10)/2. Let r be a/9 + (-4)/6. Calculate the highest common divisor of k and r.
12
Let o(w) = 25*w - 241. Let y be o(10). Calculate the greatest common divisor of 28 and y.
1
Let g = -61 - -17. Let p = -24 - g. Calculate the highest common factor of p and 160.
20
Let k be ((-105)/(-42))/(-3*10/(-72)). What is the greatest common divisor of k and 9?
3
Let a = 205 + -419. Let v be 3/6 + a/(-4). Let q = 90 - v. Calculate the greatest common divisor of 90 and q.
18
Suppose -2*i + 19 = -5. Suppose k + i = w, w = -w + k + 27. Suppose 3*f - w = -2*d, 2*d = -f - 0*f + 13. Calculate the highest common factor of 6 and d.
6
Suppose 72*t - 67*t - 115 = -2*u, -2*t - 5*u + 25 = 0. Calculate the highest common divisor of t and 1.
1
Suppose 34*j - 50 = 29*j. Let g be ((-8)/j)/((-4)/180). What is the greatest common factor of g and 12?
12
Let g(y) = 4*y**3 - 27*y**2 - 6*y + 17. Let t be g(7). Calculate the greatest common divisor of 3 and t.
3
Let p = 28 + 41. Suppose -52*z - 15*z + 3082 = 0. Calculate the greatest common factor of z and p.
23
Let g(s) = -2*s**2 + 3*s + 2. Let f be g(2). Let n(w) = -w**2 + 56. Let y be n(f). Calculate the highest common factor of y and 7.
7
Let p = 17 + -50. Let b be ((-154)/p)/((-2)/(-15)). Let l be 14/b - 58/(-5). What is the greatest common divisor of 6 and l?
6
Suppose p - 416 = -3*w, -3*w - 3*p + 197 + 217 = 0. Let d = w - 55. Suppose 3*x + 42 = 5*x. Calculate the highest common divisor of x and d.
21
Let u = -252 + 444. What is the greatest common factor of 144 and u?
48
Suppose 5*t + 6 - 21 = 0. Suppose 0*m = -5*u + m + 281, t*u - 163 = -5*m. Let l(v) = v - 7. Let k be l(14). What is the greatest common divisor of k and u?
7
Suppose 6*h - 42 - 660 = 0. Calculate the highest common factor of 9 and h.
9
Let f = 210 - 195. What is the greatest common divisor of 135 and f?
15
Suppose 0*i - 3*i = v + 12, -5*v + 4*i = -35. Let o = 66 - v. Let j be (-54)/(-36)*(-1 - -29). Calculate the greatest common factor of j and o.
21
Suppose -2*w = -5*w - 3. Let r be (-17)/(-1) - 1/w. Calculate the greatest common divisor of r and 72.
18
Suppose -3*c - 171 = -3*d, 3*d = d - 4*c + 108. Suppose -d = 5*t - 196. Let y be (-2)/3 - 848/(-12). Calculate the highest common factor of t and y.
14
Suppose 122*u = 15*u + 10914. Calculate the greatest common divisor of u and 6.
6
Suppose -24064 = -9*i + 2270. Calculate the greatest common divisor of 76 and i.
38
Suppose 2*q + 5*v + 4 = -q, 0 = 4*q + 5*v + 7. Let k be (-2)/q + -62*2/(-12). What is the greatest common divisor of 33 and k?
11
Let p be (187 - 6) + (-10)/(1 + 1). Calculate the highest common divisor of 16 and p.
16
Suppose -36*c + 4*u = -31*c - 638, 2*u + 256 = 2*c. Calculate the highest common divisor of 14 and c.
14
Let l(z) = z**3 - z**2 + z - 1. Let b be l(0). Let d be -2*(30/(-4) - b). What is the greatest common divisor of d and 52?
13
Let s(i) = -i - 7. Let q be s(0). Let d = 5 - q. Calculate the highest common factor of d and 132.
12
Suppose -5*z + 328 = 5*i - 1312, 3*z - 984 = -4*i. Calculate the greatest common factor of z and 41.
41
Suppose 19*i - 450 = 44. Calculate the highest common factor of i and 442.
26
Suppose 0 = -2*z - 4*f + 326, 5*f + 519 = 3*z + f. Suppose -2*l = -z - 7. Calculate the highest common divisor of 22 and l.
22
Suppos